ommon factor of 1962 and 700648185?
327
Calculate the greatest common divisor of 2066519 and 99281.
91
What is the greatest common divisor of 316969 and 127801?
563
What is the highest common divisor of 178871 and 187961?
101
Calculate the highest common divisor of 2620 and 7058804.
524
Calculate the highest common divisor of 91394981 and 21069.
2341
Calculate the highest common factor of 4514 and 3227266.
122
Calculate the highest common factor of 2774 and 21627491.
1387
What is the greatest common divisor of 40 and 1487240?
40
What is the greatest common divisor of 774 and 82729506?
258
Calculate the highest common divisor of 48243 and 43797.
39
Calculate the greatest common divisor of 13258 and 40095980.
1894
What is the greatest common divisor of 130001879 and 1519?
217
Calculate the highest common factor of 8946 and 46323666.
1278
Calculate the highest common divisor of 258943348 and 5080.
508
Calculate the greatest common divisor of 659598315 and 186.
93
What is the greatest common factor of 296 and 26977144?
296
What is the greatest common factor of 12 and 3673374?
6
Calculate the highest common factor of 1967 and 4971733.
281
Calculate the greatest common factor of 9810 and 52637190.
3270
What is the greatest common factor of 1223924 and 143?
13
What is the highest common divisor of 94201791 and 228?
57
Calculate the greatest common divisor of 5 and 12737524.
1
What is the greatest common factor of 3994089 and 242?
121
Calculate the highest common factor of 7070 and 148678565.
3535
Calculate the highest common factor of 592680 and 11040.
120
What is the greatest common divisor of 22237 and 6379014?
601
What is the greatest common factor of 31734 and 17586441?
387
What is the greatest common divisor of 10705850 and 93?
31
Calculate the highest common divisor of 42029775 and 1440.
45
What is the highest common factor of 424880 and 28361680?
3760
Calculate the greatest common factor of 48230 and 7969.
13
What is the highest common divisor of 76 and 16125471?
19
What is the greatest common factor of 7 and 54242286?
7
What is the highest common divisor of 663 and 42249441?
39
Calculate the highest common factor of 4174920 and 585.
45
What is the greatest common divisor of 50 and 316010?
10
What is the greatest common factor of 2644283 and 9854?
379
What is the highest common factor of 4395125 and 1925?
175
What is the greatest common factor of 179383915 and 85?
85
Calculate the greatest common factor of 43923510 and 45.
45
What is the highest common divisor of 5834235 and 59565?
3135
Calculate the highest common factor of 95136057 and 9.
9
What is the greatest common factor of 64 and 106006?
2
What is the highest common factor of 451 and 49867193?
41
What is the greatest common divisor of 6259 and 3223?
11
Calculate the greatest common factor of 2208345 and 3885.
555
Calculate the highest common divisor of 122959 and 830701.
41
Calculate the greatest common factor of 4020 and 4611260.
20
What is the greatest common factor of 744366 and 169386?
1554
What is the greatest common factor of 6531 and 85638?
21
What is the greatest common divisor of 530 and 133990?
10
What is the greatest common divisor of 23585222 and 714?
34
What is the highest common factor of 38142 and 62829?
117
Calculate the highest common divisor of 630 and 33910506.
126
Calculate the highest common factor of 84740 and 680390.
190
Calculate the greatest common factor of 175218 and 4990639.
1537
What is the highest common factor of 2260969 and 241325?
197
What is the highest common divisor of 50768 and 5364374?
334
Calculate the highest common factor of 23472 and 496.
16
Calculate the highest common factor of 19904050 and 2370.
790
Calculate the greatest common divisor of 74721262 and 58520.
2926
What is the highest common divisor of 9089554 and 1196?
46
Calculate the greatest common divisor of 36216747 and 62937.
6993
What is the highest common factor of 1166124 and 132?
12
Calculate the highest common divisor of 11671 and 98901.
11
What is the greatest common factor of 2347471 and 137966?
683
What is the highest common factor of 18786 and 1150188?
606
What is the greatest common divisor of 117626 and 457942?
1142
What is the greatest common divisor of 9159291 and 31713?
2883
What is the greatest common factor of 105734 and 30392?
58
What is the highest common factor of 4400 and 890450?
550
What is the greatest common divisor of 980 and 5188200?
20
What is the greatest common factor of 117538 and 10064?
34
Calculate the highest common factor of 18807052 and 132.
44
Calculate the highest common factor of 8311488 and 12.
12
Calculate the highest common factor of 6356 and 6524.
28
What is the highest common divisor of 604098 and 648?
162
What is the highest common divisor of 36769192 and 24?
8
Calculate the greatest common factor of 262371 and 32433.
57
What is the highest common factor of 157042252 and 460?
92
What is the highest common factor of 25712 and 38176?
16
What is the greatest common factor of 1441200 and 975?
75
Calculate the highest common factor of 270 and 10307916.
18
Calculate the greatest common factor of 358020 and 23220.
540
Calculate the highest common divisor of 10059924 and 229149.
2829
Calculate the greatest common divisor of 1575 and 14031.
9
What is the highest common factor of 274992 and 972?
12
Calculate the greatest common divisor of 201 and 1280725435.
67
What is the highest common divisor of 50 and 61691870?
10
What is the greatest common divisor of 8544 and 1489148?
356
What is the highest common divisor of 17997502 and 6593?
347
Calculate the greatest common factor of 918900 and 3350.
50
What is the greatest common factor of 489252 and 96?
12
Calculate the highest common divisor of 239 and 127287576.
239
What is the greatest common divisor of 308 and 1571290?
14
Calculate the highest common factor of 255924054 and 804.
402
What is the greatest common divisor of 208028131 and 4978?
2489
What is the greatest common divisor of 1699840 and 345?
5
What is the greatest common factor of 168815 and 1378952?
1777
What is the greatest common divisor of 1 and 90454?
1
What is the highest common factor of 51831610 and 25?
5
What is the highest common factor of 5274175 and 2000?
25
What is the greatest common divisor of 138005 and 34055?
35
What is the highest common factor of 21 and 842989?
7
Calculate the highest common divisor of 10896 and 100913304.
5448
Calculate the greatest common divisor of 1073 and 29291827.
1073
What is the highest common divisor of 68516748 and 17316?
1332
What is the highest common factor of 164575728 and 1136?
1136
What is the greatest common divisor of 1581417 and 206793?
999
What is the greatest common factor of 64434636 and 34104?
2436
Calculate the greatest common divisor of 937992 and 31144.
136
What is the greatest common divisor of 65533729 and 3?
1
What is the greatest common divisor of 6226 and 1760826?
566
Calculate the greatest common factor of 16747753 and 17622.
979
Calculate the greatest common factor of 4393376 and 48.
16
Calculate the highest common divisor of 1674 and 28970802.
558
Calculate the highest common divisor of 1333 and 301449952.
1333
What is the greatest common factor of 99869 and 420?
7
Calculate the highest common divisor of 159511741 and 1.
1
Calculate the highest common factor of 1617 and 4112570.
539
What is the greatest common factor of 33566356 and 8?
4
What is the highest common factor of 28 and 167865677?
7
What is the greatest common divisor of 1760976 and 630?
126
What is the greatest common divisor of 692 and 1230549?
173
Calculate the highest common factor of 128540503 and 1547.
91
What is the highest common divisor of 16757426 and 182?
14
Calculate the highest common divisor of 1305948 and 1470.
294
What is the greatest common factor of 999514 and 111561?
907
What is the highest common divisor of 3100512 and 1440?
96
Calculate the highest common factor of 10618531 and 385.
77
What is the greatest common divisor of 45167780 and 140?
140
Calculate the highest common factor of 5458752 and 3024.
432
Calculate the highest common factor of 255675973 and 147.
49
What is the greatest common divisor of 2796 and 38208738?
1398
Calculate the highest common factor of 7 and 1443721.
1
What is t